24
In base 5, what is -3133142 + -4?
-3133201
In base 14, what is -1911 - -1?
-1910
In base 3, what is -2 - -12021222201?
12021222122
In base 15, what is c0 + 2e31?
3001
In base 3, what is 11 + -221100122?
-221100111
In base 11, what is -15 - -127?
112
In base 16, what is 1a + 1f885?
1f89f
In base 16, what is -62a - 85?
-6af
In base 14, what is -5d80 - 4?
-5d84
In base 8, what is -16640655 - 4?
-16640661
In base 8, what is -5 + -44571?
-44576
In base 15, what is 45c4 + 5?
45c9
In base 16, what is 368704 - 4?
368700
In base 7, what is 255 - -303?
561
In base 9, what is -72733 + 4?
-72728
In base 15, what is -811e1 + -6?
-811e7
In base 2, what is -1011111010 - -1000011010?
-11100000
In base 12, what is 1038b + 29?
103b8
In base 11, what is -40950 - -16?
-40935
In base 4, what is 10 + 1000020?
1000030
In base 15, what is -186 - -3e8?
262
In base 15, what is 83 + 729?
7ac
In base 15, what is 36d96e - 0?
36d96e
In base 6, what is 24535111 + -1?
24535110
In base 16, what is -49 - -258?
20f
In base 11, what is 1 - 213821?
-213820
In base 6, what is -2235 - 12?
-2251
In base 11, what is -633a1 + -12?
-63403
In base 2, what is 1001 - -101111001110010?
101111001111011
In base 8, what is -3 + 213?
210
In base 16, what is -1 + -96f?
-970
In base 5, what is -10 - 23223041?
-23223101
In base 8, what is -240 - 210?
-450
In base 13, what is 3a47 + -b?
3a39
In base 5, what is 3 - -12023224?
12023232
In base 3, what is 2200012012 - -1221?
2200021010
In base 10, what is 4396 + -12?
4384
In base 8, what is -1113 + 546?
-345
In base 12, what is 37b - 83?
2b8
In base 10, what is -26 - -3994?
3968
In base 16, what is 1140 + -b1?
108f
In base 6, what is 1 - -1520305?
1520310
In base 13, what is 457 + -4c?
408
In base 9, what is -2 - 1164?
-1166
In base 9, what is -85 + -2114?
-2210
In base 15, what is 3 + -1223?
-1220
In base 12, what is -132554 + -2?
-132556
In base 10, what is -6135 + 4?
-6131
In base 10, what is -2798 + -175?
-2973
In base 12, what is -17 - -418a?
4173
In base 13, what is -35 - 6b0?
-715
In base 6, what is 21200 - 50?
21110
In base 15, what is 4 - 11da8?
-11da4
In base 2, what is -111000001 - 110?
-111000111
In base 9, what is 33 - 1631?
-1587
In base 2, what is -111101011 + 110000?
-110111011
In base 15, what is -c8 - -97d?
8a5
In base 6, what is 11334 - 24?
11310
In base 4, what is -1 + -1010012133?
-1010012200
In base 3, what is -10212111211 - 1122?
-10212120110
In base 16, what is 1 - 56f18?
-56f17
In base 7, what is 36 + 2562?
2631
In base 15, what is d4 - -355e?
3643
In base 12, what is 966 + -10?
956
In base 16, what is 64 - -1e5?
249
In base 6, what is -10204 + 2223?
-3541
In base 12, what is -ab - -b20?
a31
In base 6, what is -4 + -12333542?
-12333550
In base 4, what is 0 + 1211231031?
1211231031
In base 2, what is -1 + -1011111100101?
-1011111100110
In base 13, what is -133a - 8a?
-13c7
In base 2, what is -101 - -100100011011?
100100010110
In base 7, what is -5 - 26321?
-26326
In base 11, what is -172 + -24a?
-411
In base 6, what is -2044 + -2530?
-5014
In base 7, what is -2120050 - -6?
-2120041
In base 5, what is -211 - -314313?
314102
In base 7, what is 62355 + -4?
62351
In base 16, what is -4 - c35?
-c39
In base 3, what is 20000121 - -1011?
20001202
In base 14, what is 695 + -b6c?
-4b7
In base 9, what is -166560 - -3?
-166556
In base 9, what is -1201 - 122?
-1323
In base 13, what is -2 - -409a?
4098
In base 4, what is 10232 - 120300?
-110002
In base 7, what is 3 + 2063041?
2063044
In base 4, what is -303213 + -221?
-310100
In base 9, what is -60730 - 2?
-60732
In base 12, what is -159 - a75?
-1012
In base 4, what is 3 + 1311102132?
1311102201
In base 14, what is 82 + -80?
2
In base 7, what is 22 + 1313635?
1313660
In base 10, what is 3186 + 337?
3523
In base 10, what is 5 - -18342?
18347
In base 7, what is -344 + -1110?
-1454
In base 14, what is 4 + -1763?
-175d
In base 6, what is -40440313 - 3?
-40440320
In base 4, what is -1 - -13310123?
13310122
In base 9, what is 32 + 86771?
86813
In base 5, what is 4 - -1030002?
1030011
In base 3, what is -1101 - 21210?
-100011
In base 2, what is -1001000101001101010100 + 1?
-1001000101001101010011
In base 16, what is 1c9 - -5ba?
783
In base 10, what is 115656 + 12?
115668
In base 2, what is 1010 - -100001000011?
100001001101
In base 7, what is -60210 - 3?
-60213
In base 7, what is 1116645 + 2?
1116650
In base 6, what is -5002 - -20?
-4542
In base 6, what is 22 + -105?
-43
In base 15, what is 5 - -348d2?
348d7
In base 16, what is e + -3a6?
-398
In base 14, what is 1770 - 77?
16d7
In base 10, what is 3 - 13515?
-13512
In base 5, what is -10144 + -102132?
-112331
In base 11, what is 1 + 90913?
90914
In base 8, what is -513 - 7?
-522
In base 3, what is 202222 - -12211?
222210
In base 10, what is -2 + -474046?
-474048
In base 14, what is 2c7 - 2bb3?
-28ca
In base 12, what is 985 - -9b?
a64
In base 10, what is -4 + 508673?
508669
In base 12, what is -27 + 1562?
1537
In base 16, what is 2869a - 0?
2869a
In base 9, what is 371723 - 2?
371721
In base 9, what is -827 - -1283?
355
In base 7, what is 4 + -301135?
-301131
In base 6, what is -4005 - 3251?
-11300
In base 12, what is -38436 + -1?
-38437
In base 5, what is -2 + -4343?
-4400
In base 12, what is -2 + 6a260?
6a25a
In base 15, what is 4 - 5ead?
-5ea9
In base 13, what is -c1 + 3931?
3840
In base 9, what is 8 + -70487?
-70478
In base 8, what is 2 - 32006?
-32004
In base 16, what is -29 + 413?
3ea
In base 13, what is 7 - -5b56?
5b60
In base 7, what is -5523630 - -1?
-5523626
In base 14, what is 3c54 + 41?
3c95
In base 16, what is -abe + -6?
-ac4
In base 16, what is -1277b - -1?
-1277a
In base 12, what is 2 + 102a84?
102a86
In base 4, what is -233 + 332103?
331210
In base 3, what is -1 + 221110211121?
221110211120
In base 14, what is 13 + -405a?
-4047
In base 10, what is -3859 + -29?
-3888
In base 3, what is 21200222 + -2222?
21121000
In base 11, what is -13 + 16848?
16835
In base 15, what is -71 + 6a4?
633
In base 2, what is 1110000011100100011 - 11?
1110000011100100000
In base 15, what is -2 + -25481?
-25483
In base 14, what is -3 - -785d?
785a
In base 3, what is -10 + -102220100?
-102220110
In base 5, what is 1434443 + -1?
1434442
In base 8, what is 14 - -3736?
3752
In base 10, what is 18619 + 9?
18628
In base 9, what is -743 - 5?
-748
In base 14, what is -3 - 79919?
-7991c
In base 6, what is -4 + 1222405?
1222401
In base 9, what is 323 - 1015?
-582
In base 6, what is 2 - 1211053?
-1211051
In base 8, what is 440 + 1406?
2046
In base 3, what is -11 - -1001111122?
1001111111
In base 13, what is -32c5 - -199?
-3129
In base 14, what is 9a38 - 0?
9a38
In base 15, what is -238d8 - 0?
-238d8
In base 10, what is -184839 + 3?
-184836
In base 10, what is -5 + -19258?
-19263
In base 14, what is 1641b + -9?
16412
In base 9, what is 1263641 + -2?
1263638
In base 12, what is -2172 - 6b?
-2221
In base 12, what is -80 + -6624?
-66a4
In base 3, what is -12220020002 + 2?
-12220020000
In base 2, what is 111110 + 10001101101?
10010101011
In base 4, what is -233 + -13002?
-13301
In base 5, what is -24 - -2312?
2233
In base 2, what is -100000010000 + 111000?
-11111011000
In base 9, what is 70 + 2111?
2181
In base 13, what is b21 - -275?
1096
In base 12, what is 76b + -1?
76a
In base 7, what is 33140 + 0?
33140
In base 2, what is 10110110 + -101001?
10001101
In base 5, what is -4 - -21222311?
21222302
In base 14, what is -13 + -7404?
-7417
In base 11, what is -35790 - -7?
-35784
In base 16, what is -f3 + 3?
-f0
In base 7, what is 1046311 - 4?
1046304
In base 10, what is -91364 + -4?
-91368
In base 9, what is 0 + -8268?
-8268
In base 13, what is 21c - -54?
273
In base 10, what is -16 - -21281?
21265
In base 3, what is -1201120 + -10010121?
-11212011
In base 6, what is -10022 + 4555?
-1023
In base 3, what is 12102011010001 + 0?
12102011010001
In base 14, what is d7d0 - 2?
d7cc
In base 4, what is -3312101 - -3?
-3312032
In base 7, what is -5 - -14233213?
14233205
In base 5, what is -1042240 - 1?
-1042241
In base 4, what is 123331 + -20?
123311
In base 9, what is -1 + 50486?
50485
In base 3, what is -112 + -1000102221?
-1000110110
In base 7, what is -2552663 + -2?
-2552665
In base 14, what is -2 - -7797?
7795
In base 3, what is -120220 - -12?
-120201
In base 2, what is 10